{"id":10,"date":"2020-08-26T17:14:13","date_gmt":"2020-08-26T21:14:13","guid":{"rendered":"http:\/\/monsfmp.ca\/?page_id=10"},"modified":"2024-05-01T13:30:49","modified_gmt":"2024-05-01T17:30:49","slug":"membres-de-lexecutif","status":"publish","type":"page","link":"https:\/\/monsfmp.ca\/?page_id=10","title":{"rendered":"MEMBRES DU COMIT\u00c9 EX\u00c9CUTIF"},"content":{"rendered":"\n<div class=\"wp-block-group alignwide\"><div class=\"wp-block-group__inner-container is-layout-flow wp-block-group-is-layout-flow\">\n<div class=\"wp-block-media-text alignwide is-stacked-on-mobile\" style=\"grid-template-columns:38% auto\"><figure class=\"wp-block-media-text__media\"><img loading=\"lazy\" decoding=\"async\" width=\"640\" height=\"640\" src=\"http:\/\/monsfmp.ca\/wp-content\/uploads\/2023\/04\/pas_photo.png\" alt=\"\" class=\"wp-image-485 size-full\" srcset=\"https:\/\/monsfmp.ca\/wp-content\/uploads\/2023\/04\/pas_photo.png 640w, https:\/\/monsfmp.ca\/wp-content\/uploads\/2023\/04\/pas_photo-300x300.png 300w, https:\/\/monsfmp.ca\/wp-content\/uploads\/2023\/04\/pas_photo-150x150.png 150w, https:\/\/monsfmp.ca\/wp-content\/uploads\/2023\/04\/pas_photo-100x100.png 100w\" sizes=\"auto, (max-width: 640px) 100vw, 640px\" \/><\/figure><div class=\"wp-block-media-text__content\">\n<div class=\"wp-block-group\"><div class=\"wp-block-group__inner-container is-layout-flow wp-block-group-is-layout-flow\">\n<p class=\"has-large-font-size\" style=\"line-height:1.3\">Carl Veilleux, Pr\u00e9sident<\/p>\n\n\n\n<p style=\"line-height:1.3\"><mark style=\"background-color:rgba(0, 0, 0, 0)\" class=\"has-inline-color has-vivid-cyan-blue-color\">carl.veilleux&#8230;sherbrooke.ca<\/mark><\/p>\n\n\n\n<p><em><strong>Comit\u00e9s<\/strong><\/em><\/p>\n\n\n\n<ul class=\"wp-block-list\">\n<li><em>Comit\u00e9 des n\u00e9gociation<\/em>s<\/li>\n\n\n\n<li><em>Comit\u00e9 des griefs<\/em><\/li>\n\n\n\n<li><em>Comit\u00e9 de relations de travail<\/em><\/li>\n\n\n\n<li><em>Comit\u00e9 de description et d&#8217;\u00e9valuation des fonctions<\/em><\/li>\n\n\n\n<li><em>Comit\u00e9 du r\u00e9gime de retraite<\/em><\/li>\n<\/ul>\n<\/div><\/div>\n<\/div><\/div>\n<\/div><\/div>\n\n\n\n<div class=\"wp-block-media-text alignwide is-stacked-on-mobile\" style=\"grid-template-columns:38% auto\"><figure class=\"wp-block-media-text__media\"><img loading=\"lazy\" decoding=\"async\" width=\"640\" height=\"640\" src=\"http:\/\/monsfmp.ca\/wp-content\/uploads\/2023\/04\/pas_photo.png\" alt=\"\" class=\"wp-image-485 size-full\" srcset=\"https:\/\/monsfmp.ca\/wp-content\/uploads\/2023\/04\/pas_photo.png 640w, https:\/\/monsfmp.ca\/wp-content\/uploads\/2023\/04\/pas_photo-300x300.png 300w, https:\/\/monsfmp.ca\/wp-content\/uploads\/2023\/04\/pas_photo-150x150.png 150w, https:\/\/monsfmp.ca\/wp-content\/uploads\/2023\/04\/pas_photo-100x100.png 100w\" sizes=\"auto, (max-width: 640px) 100vw, 640px\" \/><\/figure><div class=\"wp-block-media-text__content\">\n<p class=\"has-large-font-size\">Pascal Beno\u00eet, Vice-pr\u00e9sident<\/p>\n\n\n\n<p><mark style=\"background-color:rgba(0, 0, 0, 0)\" class=\"has-inline-color has-vivid-cyan-blue-color\">pascal.benoit&#8230;sherbrooke.ca<\/mark><\/p>\n\n\n\n<p>(Arrondissements)<\/p>\n\n\n\n<p><em><strong>Comit\u00e9s<\/strong><\/em><\/p>\n\n\n\n<ul class=\"wp-block-list\">\n<li><em>Comit\u00e9 du r\u00e9gime de retraite<\/em><\/li>\n\n\n\n<li><em>Personnel aquatique<\/em><\/li>\n\n\n\n<li><em>Comit\u00e9 des griefs<\/em><\/li>\n\n\n\n<li><em>Comit\u00e9 des horaires variables et T\/T<\/em><\/li>\n<\/ul>\n<\/div><\/div>\n\n\n\n<div class=\"wp-block-media-text alignwide is-stacked-on-mobile\" style=\"grid-template-columns:38% auto\"><figure class=\"wp-block-media-text__media\"><img loading=\"lazy\" decoding=\"async\" width=\"640\" height=\"640\" src=\"http:\/\/monsfmp.ca\/wp-content\/uploads\/2023\/04\/pas_photo.png\" alt=\"\" class=\"wp-image-485 size-full\" srcset=\"https:\/\/monsfmp.ca\/wp-content\/uploads\/2023\/04\/pas_photo.png 640w, https:\/\/monsfmp.ca\/wp-content\/uploads\/2023\/04\/pas_photo-300x300.png 300w, https:\/\/monsfmp.ca\/wp-content\/uploads\/2023\/04\/pas_photo-150x150.png 150w, https:\/\/monsfmp.ca\/wp-content\/uploads\/2023\/04\/pas_photo-100x100.png 100w\" sizes=\"auto, (max-width: 640px) 100vw, 640px\" \/><\/figure><div class=\"wp-block-media-text__content\">\n<p class=\"has-large-font-size\">Fanny Perreault, Secr\u00e9taire<\/p>\n\n\n\n<p><mark style=\"background-color:rgba(0, 0, 0, 0)\" class=\"has-inline-color has-vivid-cyan-blue-color\">fanny.perreault&#8230;sherbrooke.ca<\/mark><\/p>\n\n\n\n<p><em><strong>Comit\u00e9s<\/strong><\/em><\/p>\n\n\n\n<ul class=\"wp-block-list\">\n<li><em>Comit\u00e9 des n\u00e9gociations<\/em><\/li>\n\n\n\n<li><em>Comit\u00e9 des communications<\/em><\/li>\n\n\n\n<li>Comit\u00e9 de relations de travail<\/li>\n<\/ul>\n\n\n\n<p><\/p>\n<\/div><\/div>\n\n\n\n<div class=\"wp-block-media-text alignwide is-stacked-on-mobile\" style=\"grid-template-columns:38% auto\"><figure class=\"wp-block-media-text__media\"><img loading=\"lazy\" decoding=\"async\" width=\"640\" height=\"640\" src=\"http:\/\/monsfmp.ca\/wp-content\/uploads\/2023\/04\/pas_photo.png\" alt=\"\" class=\"wp-image-485 size-full\" srcset=\"https:\/\/monsfmp.ca\/wp-content\/uploads\/2023\/04\/pas_photo.png 640w, https:\/\/monsfmp.ca\/wp-content\/uploads\/2023\/04\/pas_photo-300x300.png 300w, https:\/\/monsfmp.ca\/wp-content\/uploads\/2023\/04\/pas_photo-150x150.png 150w, https:\/\/monsfmp.ca\/wp-content\/uploads\/2023\/04\/pas_photo-100x100.png 100w\" sizes=\"auto, (max-width: 640px) 100vw, 640px\" \/><\/figure><div class=\"wp-block-media-text__content\">\n<p class=\"has-large-font-size\">Isabelle Dub\u00e9, Tr\u00e9sorerie<\/p>\n\n\n\n<p class=\"has-vivid-cyan-blue-color has-text-color\">isabelle.dube&#8230;sherbrooke.ca<\/p>\n\n\n\n<p><strong><em>Comit\u00e9s<\/em><\/strong><\/p>\n\n\n\n<ul class=\"wp-block-list\" id=\"block-5bcce68e-9487-4586-95e4-de2f1e361dbc\">\n<li><em>Comit\u00e9 des n\u00e9gociations<\/em><\/li>\n\n\n\n<li><em>Comit\u00e9 de sant\u00e9 et de s\u00e9curit\u00e9 au travail<\/em><\/li>\n\n\n\n<li><em>Comit\u00e9 de gestion des assurances<\/em><\/li>\n\n\n\n<li><em>Comit\u00e9 du programme d&#8217;aide au personnel<\/em><\/li>\n\n\n\n<li><em>Comit\u00e9 des communications<\/em><\/li>\n<\/ul>\n<\/div><\/div>\n\n\n\n<div class=\"wp-block-media-text alignwide is-stacked-on-mobile\" style=\"grid-template-columns:38% auto\"><figure class=\"wp-block-media-text__media\"><img loading=\"lazy\" decoding=\"async\" width=\"640\" height=\"640\" src=\"http:\/\/monsfmp.ca\/wp-content\/uploads\/2023\/04\/pas_photo.png\" alt=\"\" class=\"wp-image-485 size-full\" srcset=\"https:\/\/monsfmp.ca\/wp-content\/uploads\/2023\/04\/pas_photo.png 640w, https:\/\/monsfmp.ca\/wp-content\/uploads\/2023\/04\/pas_photo-300x300.png 300w, https:\/\/monsfmp.ca\/wp-content\/uploads\/2023\/04\/pas_photo-150x150.png 150w, https:\/\/monsfmp.ca\/wp-content\/uploads\/2023\/04\/pas_photo-100x100.png 100w\" sizes=\"auto, (max-width: 640px) 100vw, 640px\" \/><\/figure><div class=\"wp-block-media-text__content\">\n<p class=\"has-large-font-size\">Nicolas Desch\u00eanes, Directeur<\/p>\n\n\n\n<p>nicolas.desch\u00eanes&#8230;sherbrooke.ca<\/p>\n\n\n\n<p>(H\u00f4tel de Ville, centre administratif, SAE)<\/p>\n\n\n\n<p><strong><em>Comit\u00e9s<\/em><\/strong><\/p>\n\n\n\n<ul class=\"wp-block-list\">\n<li><em>Comit\u00e9 de description et d&#8217;\u00e9valuation des fonctions<\/em><\/li>\n\n\n\n<li>Comit\u00e9 des communications<\/li>\n<\/ul>\n\n\n\n<p><\/p>\n\n\n\n<h2 class=\"wp-block-heading\"><\/h2>\n<\/div><\/div>\n\n\n\n<div class=\"wp-block-media-text alignwide is-stacked-on-mobile\" style=\"grid-template-columns:38% auto\"><figure class=\"wp-block-media-text__media\"><img loading=\"lazy\" decoding=\"async\" width=\"640\" height=\"640\" src=\"http:\/\/monsfmp.ca\/wp-content\/uploads\/2023\/04\/pas_photo.png\" alt=\"\" class=\"wp-image-485 size-full\" srcset=\"https:\/\/monsfmp.ca\/wp-content\/uploads\/2023\/04\/pas_photo.png 640w, https:\/\/monsfmp.ca\/wp-content\/uploads\/2023\/04\/pas_photo-300x300.png 300w, https:\/\/monsfmp.ca\/wp-content\/uploads\/2023\/04\/pas_photo-150x150.png 150w, https:\/\/monsfmp.ca\/wp-content\/uploads\/2023\/04\/pas_photo-100x100.png 100w\" sizes=\"auto, (max-width: 640px) 100vw, 640px\" \/><\/figure><div class=\"wp-block-media-text__content\">\n<p class=\"has-large-font-size\">Alain Tremblay, Directeur<\/p>\n\n\n\n<p>alain.tremblay&#8230;sherbrooke.ca<\/p>\n\n\n\n<p>(Biblioth\u00e8ques, Service Hydro-<br>Sherbrooke, Service de police,<br>Service des incendies)<\/p>\n\n\n\n<p><strong><em>Comit\u00e9s<\/em><\/strong><\/p>\n\n\n\n<ul class=\"wp-block-list\">\n<li><em>Comit\u00e9 de sant\u00e9 et de s\u00e9curit\u00e9 au travail<\/em><\/li>\n\n\n\n<li><em>Comit\u00e9 de gestion des assurances<\/em><\/li>\n\n\n\n<li><em>Comit\u00e9 du programme d&#8217;aide au personnel<\/em><\/li>\n\n\n\n<li><em>Personnel aquatique<\/em><\/li>\n\n\n\n<li><em>Personnel \u00e9tudiant<\/em><\/li>\n<\/ul>\n\n\n\n<p><\/p>\n\n\n\n<h2 class=\"wp-block-heading\"><\/h2>\n<\/div><\/div>\n\n\n\n<div class=\"wp-block-media-text alignwide is-stacked-on-mobile\" style=\"grid-template-columns:38% auto\"><figure class=\"wp-block-media-text__media\"><img loading=\"lazy\" decoding=\"async\" width=\"640\" height=\"640\" src=\"http:\/\/monsfmp.ca\/wp-content\/uploads\/2023\/04\/pas_photo.png\" alt=\"\" class=\"wp-image-485 size-full\" srcset=\"https:\/\/monsfmp.ca\/wp-content\/uploads\/2023\/04\/pas_photo.png 640w, https:\/\/monsfmp.ca\/wp-content\/uploads\/2023\/04\/pas_photo-300x300.png 300w, https:\/\/monsfmp.ca\/wp-content\/uploads\/2023\/04\/pas_photo-150x150.png 150w, https:\/\/monsfmp.ca\/wp-content\/uploads\/2023\/04\/pas_photo-100x100.png 100w\" sizes=\"auto, (max-width: 640px) 100vw, 640px\" \/><\/figure><div class=\"wp-block-media-text__content\">\n<p class=\"has-large-font-size\">Fran\u00e7ois Lebel, Directeur<\/p>\n\n\n\n<p><mark style=\"background-color:rgba(0, 0, 0, 0)\" class=\"has-inline-color has-vivid-cyan-blue-color\">francois.lebel&#8230;sherbrooke.ca<\/mark><\/p>\n\n\n\n<p>(Grandes-Fourches&nbsp;: centre Jean-<br>Charles-C\u00f4t\u00e9)<\/p>\n\n\n\n<p><em><strong>Comit\u00e9s<\/strong><\/em><\/p>\n\n\n\n<ul class=\"wp-block-list\">\n<li><\/li>\n<\/ul>\n<\/div><\/div>\n\n\n\n<div class=\"wp-block-media-text alignwide is-stacked-on-mobile\" style=\"grid-template-columns:38% auto\"><figure class=\"wp-block-media-text__media\"><img loading=\"lazy\" decoding=\"async\" width=\"640\" height=\"640\" src=\"http:\/\/monsfmp.ca\/wp-content\/uploads\/2023\/04\/pas_photo.png\" alt=\"\" class=\"wp-image-485 size-full\" srcset=\"https:\/\/monsfmp.ca\/wp-content\/uploads\/2023\/04\/pas_photo.png 640w, https:\/\/monsfmp.ca\/wp-content\/uploads\/2023\/04\/pas_photo-300x300.png 300w, https:\/\/monsfmp.ca\/wp-content\/uploads\/2023\/04\/pas_photo-150x150.png 150w, https:\/\/monsfmp.ca\/wp-content\/uploads\/2023\/04\/pas_photo-100x100.png 100w\" sizes=\"auto, (max-width: 640px) 100vw, 640px\" \/><\/figure><div class=\"wp-block-media-text__content\">\n<p class=\"has-large-font-size\">Val\u00e9rie Desmarais, Directrice<\/p>\n\n\n\n<p><mark style=\"background-color:rgba(0, 0, 0, 0)\" class=\"has-inline-color has-vivid-cyan-blue-color\">valerie.desmarais..sherbrooke.ca<\/mark><\/p>\n\n\n\n<p>Directrice parmis tous les services<\/p>\n\n\n\n<p><em><strong>Comit\u00e9s<\/strong><\/em><\/p>\n\n\n\n<ul class=\"wp-block-list\">\n<li><em>Comit\u00e9 de description et d&#8217;\u00e9valuation des fonctions<\/em><\/li>\n<\/ul>\n<\/div><\/div>\n\n\n\n<div class=\"wp-block-media-text alignwide is-stacked-on-mobile\" style=\"grid-template-columns:38% auto\"><figure class=\"wp-block-media-text__media\"><img loading=\"lazy\" decoding=\"async\" width=\"640\" height=\"640\" src=\"http:\/\/monsfmp.ca\/wp-content\/uploads\/2023\/04\/pas_photo.png\" alt=\"\" class=\"wp-image-485 size-full\" srcset=\"https:\/\/monsfmp.ca\/wp-content\/uploads\/2023\/04\/pas_photo.png 640w, https:\/\/monsfmp.ca\/wp-content\/uploads\/2023\/04\/pas_photo-300x300.png 300w, https:\/\/monsfmp.ca\/wp-content\/uploads\/2023\/04\/pas_photo-150x150.png 150w, https:\/\/monsfmp.ca\/wp-content\/uploads\/2023\/04\/pas_photo-100x100.png 100w\" sizes=\"auto, (max-width: 640px) 100vw, 640px\" \/><\/figure><div class=\"wp-block-media-text__content\">\n<p class=\"has-large-font-size\">Emmanuelle Lescault, Directrice<\/p>\n\n\n\n<p><mark style=\"background-color:rgba(0, 0, 0, 0)\" class=\"has-inline-color has-vivid-cyan-blue-color\">emmanuelle.lescault<mark style=\"background-color:rgba(0, 0, 0, 0)\" class=\"has-inline-color has-vivid-cyan-blue-color\">..sherbrooke.ca<\/mark><\/mark><\/p>\n\n\n\n<p>Directrice arrondissements<\/p>\n\n\n\n<p><em><strong>Comit\u00e9s<\/strong><\/em><\/p>\n\n\n\n<p><\/p>\n<\/div><\/div>\n\n\n\n<div class=\"wp-block-media-text alignwide is-stacked-on-mobile\" style=\"grid-template-columns:38% auto\"><figure class=\"wp-block-media-text__media\"><img loading=\"lazy\" decoding=\"async\" width=\"640\" height=\"640\" src=\"http:\/\/monsfmp.ca\/wp-content\/uploads\/2023\/04\/pas_photo.png\" alt=\"\" class=\"wp-image-485 size-full\" srcset=\"https:\/\/monsfmp.ca\/wp-content\/uploads\/2023\/04\/pas_photo.png 640w, https:\/\/monsfmp.ca\/wp-content\/uploads\/2023\/04\/pas_photo-300x300.png 300w, https:\/\/monsfmp.ca\/wp-content\/uploads\/2023\/04\/pas_photo-150x150.png 150w, https:\/\/monsfmp.ca\/wp-content\/uploads\/2023\/04\/pas_photo-100x100.png 100w\" sizes=\"auto, (max-width: 640px) 100vw, 640px\" \/><\/figure><div class=\"wp-block-media-text__content\">\n<p class=\"has-large-font-size\">Ga\u00e9tan Desnoyers, Conseiller syndical<\/p>\n\n\n\n<p><mark style=\"background-color:rgba(0, 0, 0, 0)\" class=\"has-inline-color has-vivid-cyan-blue-color\">gaetan.desnoyers&#8230;fisa.ca<\/mark><\/p>\n\n\n\n<p><\/p>\n<\/div><\/div>\n\n\n\n<div class=\"wp-block-media-text alignwide is-stacked-on-mobile\" style=\"grid-template-columns:38% auto\"><figure class=\"wp-block-media-text__media\"><img loading=\"lazy\" decoding=\"async\" width=\"640\" height=\"640\" src=\"http:\/\/monsfmp.ca\/wp-content\/uploads\/2023\/04\/pas_photo.png\" alt=\"\" class=\"wp-image-485 size-full\" srcset=\"https:\/\/monsfmp.ca\/wp-content\/uploads\/2023\/04\/pas_photo.png 640w, https:\/\/monsfmp.ca\/wp-content\/uploads\/2023\/04\/pas_photo-300x300.png 300w, https:\/\/monsfmp.ca\/wp-content\/uploads\/2023\/04\/pas_photo-150x150.png 150w, https:\/\/monsfmp.ca\/wp-content\/uploads\/2023\/04\/pas_photo-100x100.png 100w\" sizes=\"auto, (max-width: 640px) 100vw, 640px\" \/><\/figure><div class=\"wp-block-media-text__content\">\n<p class=\"has-large-font-size\">Sabrina Nadeau, Repr\u00e9sentant Plateaux aquatique <\/p>\n\n\n\n<p><\/p>\n\n\n\n<ul class=\"wp-block-list\">\n<li>* ne si\u00e8ge pas de fa\u00e7on permanente au comit\u00e9 ex\u00e9cutif<\/li>\n<\/ul>\n\n\n\n<p><em><strong>Comit\u00e9s<\/strong><\/em><\/p>\n\n\n\n<ul class=\"wp-block-list\">\n<li>Aquatique<\/li>\n<\/ul>\n<\/div><\/div>\n\n\n\n<p><\/p>\n\n\n\n<p><\/p>\n","protected":false},"excerpt":{"rendered":"<p>Carl Veilleux, Pr\u00e9sident carl.veilleux&#8230;sherbrooke.ca Comit\u00e9s Emmanuelle Lescault, Directrice emmanuelle.lescault..sherbrooke.ca Directrice arrondissements Comit\u00e9s Ga\u00e9tan Desnoyers, Conseiller syndical gaetan.desnoyers&#8230;fisa.ca<\/p>\n","protected":false},"author":1,"featured_media":0,"parent":0,"menu_order":0,"comment_status":"closed","ping_status":"closed","template":"","meta":{"footnotes":""},"class_list":["post-10","page","type-page","status-publish","hentry"],"_links":{"self":[{"href":"https:\/\/monsfmp.ca\/index.php?rest_route=\/wp\/v2\/pages\/10","targetHints":{"allow":["GET"]}}],"collection":[{"href":"https:\/\/monsfmp.ca\/index.php?rest_route=\/wp\/v2\/pages"}],"about":[{"href":"https:\/\/monsfmp.ca\/index.php?rest_route=\/wp\/v2\/types\/page"}],"author":[{"embeddable":true,"href":"https:\/\/monsfmp.ca\/index.php?rest_route=\/wp\/v2\/users\/1"}],"replies":[{"embeddable":true,"href":"https:\/\/monsfmp.ca\/index.php?rest_route=%2Fwp%2Fv2%2Fcomments&post=10"}],"version-history":[{"count":32,"href":"https:\/\/monsfmp.ca\/index.php?rest_route=\/wp\/v2\/pages\/10\/revisions"}],"predecessor-version":[{"id":534,"href":"https:\/\/monsfmp.ca\/index.php?rest_route=\/wp\/v2\/pages\/10\/revisions\/534"}],"wp:attachment":[{"href":"https:\/\/monsfmp.ca\/index.php?rest_route=%2Fwp%2Fv2%2Fmedia&parent=10"}],"curies":[{"name":"wp","href":"https:\/\/api.w.org\/{rel}","templated":true}]}}